or of 40086 and 18.
18
Calculate the highest common factor of 251500 and 17102.
1006
What is the greatest common factor of 10692 and 308?
44
What is the highest common divisor of 61890 and 6?
6
Calculate the highest common factor of 24637 and 12993.
71
What is the greatest common divisor of 1634 and 8471?
43
Calculate the highest common divisor of 150656 and 5243.
107
What is the greatest common divisor of 19787 and 10387?
47
What is the greatest common factor of 20870 and 10?
10
Calculate the highest common divisor of 165 and 1303.
1
Calculate the greatest common divisor of 235 and 1315.
5
What is the greatest common divisor of 59470 and 1558?
38
Calculate the greatest common divisor of 383 and 8267821.
383
Calculate the greatest common divisor of 29435 and 91669.
841
Calculate the highest common divisor of 19888 and 2640.
176
What is the greatest common divisor of 12276496 and 212?
212
What is the highest common factor of 354 and 14466?
6
What is the highest common divisor of 56 and 712?
8
Calculate the highest common divisor of 3767812 and 17.
17
What is the greatest common divisor of 20 and 160130?
10
Calculate the highest common divisor of 4728 and 362874.
1182
What is the greatest common divisor of 198 and 177309?
99
Calculate the highest common divisor of 48 and 198312.
24
What is the greatest common divisor of 589657 and 87?
29
What is the highest common divisor of 28083 and 4807?
253
What is the greatest common factor of 223340 and 52?
52
What is the greatest common divisor of 241033 and 247?
13
What is the greatest common divisor of 80 and 22340?
20
Calculate the highest common factor of 304 and 7904.
304
Calculate the greatest common divisor of 122936 and 11938.
254
What is the greatest common factor of 32 and 126800?
16
Calculate the greatest common divisor of 51 and 2481.
3
What is the greatest common factor of 19123 and 117?
13
What is the highest common factor of 1334 and 1150?
46
What is the greatest common divisor of 1426 and 1984?
62
Calculate the highest common divisor of 759010 and 45.
5
What is the greatest common divisor of 40854 and 198?
66
Calculate the highest common divisor of 25428 and 468.
156
What is the greatest common factor of 12 and 23992?
4
Calculate the greatest common factor of 466487 and 1442.
721
Calculate the greatest common factor of 18547 and 17.
17
Calculate the greatest common factor of 577064 and 106.
106
What is the highest common factor of 101892 and 84?
84
What is the highest common factor of 34995 and 15?
15
What is the highest common factor of 19 and 10729?
1
Calculate the greatest common factor of 319365 and 940.
235
What is the greatest common divisor of 247 and 689?
13
Calculate the highest common divisor of 2626 and 2020.
202
What is the greatest common factor of 3780 and 1638?
126
What is the highest common divisor of 107282 and 194?
194
Calculate the highest common factor of 1498 and 3962.
14
What is the highest common factor of 4527 and 777135?
1509
Calculate the greatest common divisor of 13900 and 15020.
20
What is the highest common divisor of 192 and 38336?
64
What is the highest common divisor of 848 and 107056?
16
Calculate the greatest common divisor of 24 and 7624.
8
Calculate the greatest common factor of 4103 and 1199.
11
What is the highest common divisor of 22 and 243584?
22
What is the greatest common divisor of 165 and 241340?
55
What is the greatest common factor of 122424 and 2316?
12
Calculate the highest common divisor of 23 and 315261.
23
Calculate the highest common divisor of 22456 and 56.
56
Calculate the highest common divisor of 34339 and 115.
23
Calculate the greatest common factor of 15884 and 627.
209
What is the highest common divisor of 178 and 50018?
178
What is the greatest common factor of 52993 and 3497?
269
Calculate the greatest common divisor of 210 and 86400.
30
Calculate the highest common divisor of 17704 and 8.
8
What is the highest common divisor of 8957886 and 294?
294
What is the highest common factor of 946680 and 4025?
805
Calculate the highest common divisor of 140 and 180404.
28
What is the highest common divisor of 550 and 133925?
275
Calculate the greatest common factor of 186 and 19778496.
186
What is the highest common divisor of 306 and 277092?
18
What is the greatest common factor of 56 and 2445100?
28
Calculate the greatest common divisor of 464565 and 15.
15
Calculate the highest common factor of 5456 and 30132.
124
Calculate the highest common divisor of 754 and 962.
26
What is the highest common factor of 1806 and 1445703?
903
What is the highest common divisor of 55238 and 213?
71
Calculate the greatest common factor of 28 and 872.
4
Calculate the greatest common factor of 88410 and 140.
70
Calculate the greatest common factor of 371 and 42506.
53
What is the greatest common divisor of 5142 and 240?
6
Calculate the greatest common divisor of 234080 and 6840.
760
What is the greatest common divisor of 8 and 545728?
8
Calculate the highest common divisor of 80 and 301640.
40
What is the highest common divisor of 437016 and 162?
6
Calculate the greatest common factor of 6734 and 364.
182
What is the greatest common factor of 367220 and 129?
43
Calculate the greatest common factor of 390 and 11190.
30
Calculate the greatest common divisor of 86064 and 176.
176
What is the greatest common divisor of 17298 and 18?
18
Calculate the greatest common factor of 168 and 311808.
168
What is the highest common divisor of 251294 and 389?
389
What is the highest common factor of 155033 and 916?
229
Calculate the highest common factor of 123 and 1570341.
123
Calculate the highest common factor of 4864 and 1520.
304
What is the greatest common divisor of 30 and 96485?
5
Calculate the greatest common divisor of 85514 and 184.
46
Calculate the highest common divisor of 22605 and 220.
55
What is the highest common factor of 72644 and 1188?
44
Calculate the greatest common factor of 671 and 493185.
671
What is the highest common factor of 66 and 58454?
22
Calculate the greatest common divisor of 10348 and 324.
4
Calculate the greatest common factor of 131345 and 7085.
545
What is the greatest common divisor of 251821 and 119?
17
Calculate the highest common factor of 402112 and 25544.
824
What is the greatest common factor of 66 and 96558?
66
What is the highest common factor of 41173 and 1045?
209
What is the highest common divisor of 1694 and 859166?
154
What is the highest common divisor of 13248 and 21666?
138
What is the greatest common factor of 9112 and 100912?
136
What is the greatest common factor of 1017954 and 378?
378
Calculate the highest common divisor of 1360129 and 58.
29
What is the greatest common divisor of 10577 and 49?
7
Calculate the highest common divisor of 533910 and 1950.
390
Calculate the greatest common divisor of 140 and 34244.
28
Calculate the highest common factor of 10248 and 24.
24
Calculate the highest common factor of 339 and 8927.
113
What is the greatest common factor of 1674 and 189?
27
What is the highest common factor of 15608 and 24?
8
What is the highest common divisor of 30975 and 49?
7
What is the greatest common divisor of 140564 and 4?
4
What is the highest common factor of 34897 and 2?
1
Calculate the highest common divisor of 42 and 21642.
6
What is the highest common factor of 587070 and 5346?
198
Calculate the highest common divisor of 41 and 59.
1
What is the highest common factor of 9 and 574461?
9
What is the greatest common divisor of 238 and 5166?
14
What is the greatest common divisor of 306 and 876?
6
What is the highest common factor of 6724 and 8651?
41
What is the greatest common factor of 27776 and 11501?
217
What is the highest common factor of 68374 and 68?
34
Calculate the greatest common factor of 117177 and 5421.
417
Calculate the highest common factor of 7169 and 5243.
107
What is the greatest common factor of 416 and 2848?
32
What is the highest common divisor of 58499 and 183?
61
What is the highest common factor of 188019 and 234?
117
What is the highest common divisor of 19824 and 144?
48
What is the highest common divisor of 88 and 119746?
22
What is the greatest common factor of 50 and 348?
2
What is the highest common factor of 191 and 6772?
1
Calculate the highest common div